 21670. What is the thousands digit of c?
0
Let b(h) = h**2 + 4*h - 43. Let l be b(6). Let o be ((-10)/6)/(l/(-969)). Suppose 2*x = -4*i - i + o, -i - 134 = -3*x. What is the units digit of x?
5
Let g = 6462 + 7132. What is the tens digit of g?
9
Let b be (-32)/(-24)*(-2 - -5) + -4. Suppose 21*n + 1338 - 14295 = b. What is the hundreds digit of n?
6
Let v be (1545/(-6))/((-1)/(-2)). Let d = v - -1850. What is the tens digit of d?
3
Let i = -1526 + 1031. Let l = 825 + i. What is the hundreds digit of l?
3
Let a be (-6)/(-2) + -75 + 3 + -4. Let y = a + 73. Suppose 4*r + 276 - 940 = y. What is the hundreds digit of r?
1
Let g = -29781 + 71380. What is the units digit of g?
9
Let j(f) = 19*f**3 + 442*f**2 - 16*f + 3. What is the ten thousands digit of j(-14)?
3
Suppose 4*x + 3*q - 72 = 0, 11*x = 8*x + 5*q + 83. Suppose 0 = -x*v + 68 + 37. What is the units digit of v?
5
Let d(z) = z + 25. Let k(o) = o**3 - 5*o**2 - 11*o + 17. Let a be k(6). What is the units digit of d(a)?
2
Let z be -5 - (-3 - (-7)/(-7)). Let v be 52/2*(-1 + 0). Let t = z - v. What is the units digit of t?
5
Let u = 39400 - 21896. What is the thousands digit of u?
7
Suppose 194 = -4*d + 594. Let p(h) = -h**3 + 2*h**2 - 5*h - 6. Let o be p(-4). Suppose 0 = 3*m - d - o. What is the units digit of m?
0
Let m(v) = v**3 + v**2 + v. Let j(p) = 4*p**3 - 5*p + 5. Let o(n) = j(n) - 3*m(n). Let w be o(6). Suppose -2*a = -w + 19. What is the units digit of a?
3
Let a be 18/81 - (-776)/(-9). Let j be a/5*(-5 - -10). Let v = 161 + j. What is the units digit of v?
5
Suppose -4*s - y = -13, 11 = -5*s + 2*y + 24. Suppose 2*p - 4 = 0, 4*i + s*p = 8*i - 1130. What is the units digit of i?
4
Let q = -97 + 521. Suppose -12*j = -320 - q. What is the units digit of j?
2
Let v = 203 + 173. What is the units digit of (-1 - -2)*(-3 + v)?
3
Let k be 230/4 - 6/12. Let d(h) = -k*h - 30*h - 14 - 4 + 12*h. What is the units digit of d(-3)?
7
What is the thousands digit of (5889/(-26))/((-3)/220) + 2?
6
Suppose 0 = 26*i - 33*i. Suppose 5*v + 3*z + z = 1469, 3*v + 5*z - 884 = i. What is the units digit of v?
3
Suppose 2*c - 26 = -4*n + 24, 0 = 5*c + 5*n - 130. Let m(q) = -3 + 22*q**2 - 3*q - 50*q**2 + c*q**2 - 73*q**3. What is the tens digit of m(-1)?
7
Let c(j) = j**3 + 3*j + 83. Suppose 5*s - 4*a - 21 = -6*a, 4*a = 12. Suppose s*l = 7*l. What is the tens digit of c(l)?
8
What is the units digit of -11 + 610470/80 - (-1)/8?
0
Let o(r) = 13*r - 104. Let y be o(8). Suppose -4*j - 1129 + 3073 = y. What is the units digit of j?
6
Let d = 332183 - 234118. What is the hundreds digit of d?
0
Suppose 0 = -8*r + 61724 + 36804. What is the tens digit of r?
1
Suppose 15*x = 17*x, 5*k - 3*x = -116016 + 544306. What is the units digit of k?
8
Let f(g) = -49*g - 250. Let k be f(-18). Suppose 2*r - k = -2*d, -4*d + 6*r - 2*r = -1232. What is the hundreds digit of d?
3
Let v(c) = 3*c**2 - 5. Let p be v(3). Suppose -20*l + 2 = -p*l. What is the hundreds digit of ((-134)/6 - -1)/(l/6)?
1
Suppose 4*j + 4*w + 60 = 0, 2*j - w = -44 + 11. What is the units digit of (24/j)/(6/(-328))?
2
What is the thousands digit of ((-94802)/(-12) - -3) + (-4)/24?
7
Let z(g) = -g**3 - 13*g**2 - 7*g - 15. Let q(d) = -d - 1. Suppose 7*u + 3*u = 30. Let a(n) = u*q(n) - z(n). What is the units digit of a(-12)?
8
Let h = 434 + -105. Suppose 3*j + 2*p - p - h = 0, -p = j - 113. What is the hundreds digit of j?
1
Suppose 0 = 18*b - 103954 - 5072. What is the thousands digit of b?
6
What is the units digit of -4 - (14 - (14175 + 3))?
0
Let k(s) = -43*s + 2. Let m be k(-3). Let i(f) = -6*f**2 - 4*f. Let j be i(-2). Let c = j + m. What is the hundreds digit of c?
1
Let l(g) = 10*g**2 - 5*g - 13. Let y(q) = -q**2 + 18*q + 12. Let i be y(19). What is the units digit of l(i)?
2
Suppose -2*i - g - 6 = 8, -5*g = -4*i. Let n be 7 + -4 + 5/i. Suppose o - q - 31 = 0, 3*o - 92 = n*q - 3. What is the tens digit of o?
2
Let n(k) = -30*k + 39. Let l be n(-15). Let w = 168 + l. What is the tens digit of w?
5
Suppose 5*f = 9*f - 24. Suppose 2*d = 0, -f*d + 30 = 5*o - 2*d. Suppose 0 = -o*v - v + 154. What is the units digit of v?
2
Let a(r) be the first derivative of -r**4/2 + 9*r**3 + 31*r**2/2 + 17*r - 38. What is the units digit of a(14)?
5
Suppose 24*k - 111874 = -4*d + 26*k, 10*k = -3*d + 83940. What is the ten thousands digit of d?
2
Let h(w) = -494*w + 86. Suppose p + 5*z = -8, 2*z = 20*p - 23*p - 11. What is the hundreds digit of h(p)?
5
Let i(h) = 2*h**3 + 111*h**2 - 66*h + 222. What is the units digit of i(-50)?
2
Let r(x) = 156*x**2 - 75*x + 22. What is the tens digit of r(-8)?
0
Suppose 42*a = 1676298 - 46530. What is the tens digit of a?
0
Let w be (15/(-3))/((-6)/6). Suppose -w*v + 4*s = 63, 0 = 2*v - 6*v - s - 63. What is the tens digit of (-1255)/v + 6/(-9)?
8
Let m = 6 + -2. Let x = 584 + -410. Suppose -3*w + x + 142 = 2*q, w + m = 0. What is the units digit of q?
4
Let q(h) = -137*h + 3137. Let i be q(23). Let o(z) = -5*z + 29. Let t(c) = 3*c - 15. Let d(b) = -4*o(b) - 9*t(b). What is the tens digit of d(i)?
1
Let g(j) = -3*j + 53. Let c be (8/(-20))/(7/210). What is the tens digit of g(c)?
8
Suppose -33 + 9 = 4*r. Let l be (8/r)/(39/(-9) + 4). Suppose -5*f + 989 = -f + 3*x, -l*f + 3*x + 971 = 0. What is the tens digit of f?
4
Suppose -1559 - 1105 = -36*z. Suppose 421 = j - z. What is the units digit of j?
5
Let g(y) = y**3 + 27*y**2 + 16*y + 93. Suppose 3*q + 24 - 1 = -l, 4*l - 2*q + 92 = 0. What is the tens digit of g(l)?
4
Let d = 9943 + -4557. What is the hundreds digit of d?
3
Let k(d) = d + 10. Let r be k(-13). Let m be ((162/24)/(r/(-8)))/(-1). What is the units digit of 2*(3/m)/(2/(-6))?
1
Suppose 25*d = -5951 - 4124. Let p = 39 - d. What is the hundreds digit of p?
4
Let k = -65 - -606. Let j = k + -236. What is the hundreds digit of j?
3
Suppose 706*n = 705*n + y + 11514, 0 = 3*y - 15. What is the units digit of n?
9
Let l(y) = y**2 + 9*y - 9. Let i be l(-14). Let v = -56 + i. Suppose 3*n - q = 2*q + 159, -v*q + 10 = 0. What is the units digit of n?
5
Let l = 12 - 8. Suppose 0 = -2*f - h + l*h + 114, -2*f - h = -106. Suppose -53*n - 87 = -f*n. What is the units digit of n?
7
Let z be 58 - -3 - (-4 - (-1 - -3)). Suppose -z = -3*q + 296. What is the hundreds digit of q?
1
Let s = 519 + -450. Suppose -7*u + s = -8. What is the units digit of u?
1
Let a(b) = -257*b + 260*b + 7 - 1. Let j be a(-3). Let q(r) = -2*r**3 + 4*r**2 + 5*r + 4. What is the tens digit of q(j)?
7
Let u = -1774 - -4874. Suppose -40*h = -u + 660. What is the tens digit of h?
6
Let o(i) = 5038*i + 207. What is the hundreds digit of o(1)?
2
Suppose -32*q + q = -30690. Let c = q - -144. What is the hundreds digit of c?
1
Suppose 4*z = -5*y + 533, -y + 39 + 61 = 3*z. Let j = 217 - y. What is the hundreds digit of j?
1
Let l(d) = 6*d**2 - 8*d - 5. Let t be l(-5). What is the units digit of 1 + 12/102 + t/17?
2
Let i be -20*1*(-8937)/12. Suppose -5*g + 4*x + i = 0, 3*g = x + x + 8937. Suppose 0 = -15*p + 126 + g. What is the units digit of p?
7
What is the tens digit of 27/(-18)*7/21 - (-30454)/4?
1
Let r(n) = 98*n**3 - 4*n**2 + 8*n - 1. What is the tens digit of r(3)?
3
Suppose 30 = -0*k + k. Let x = k - -157. Let j = -100 + x. What is the units digit of j?
7
Suppose -224970 - 379184 = -124*x + 71646. What is the units digit of x?
0
Let q(v) = 44*v**2 - v. Suppose -3*a + 4*a = -5. Let r be 9/(-3)*(a/(-3) - 1). What is the hundreds digit of q(r)?
1
Let o be 1/2 + (-295)/(-10). Let u = 26 + o. What is the tens digit of 7376/u - 6/(-21)?
3
Let u(h) = 626*h**2 - 5*h - 6. Suppose 32 - 10 = -22*y. What is the hundreds digit of u(y)?
6
Suppose 0 = 16*a - 15*a. Suppose 18*g + 1692 = -a*g. Let x = g - -153. What is the tens digit of x?
5
Let f = -48 - -67. Let l(v) = -3*v - 42. Let d(g) = -g + 1. Let j(r) = 2*d(r) - l(r). What is the tens digit of j(f)?
6
Let s(i) = -2*i**2 + 35*i + 52. Let v be s(19). What is the tens digit of v*1*(-195)/25?
3
Suppose 2*n + 16 = -6*n. Let w(q) = -94*q**3 - 4*q - 8. What is the units digit of w(n)?
2
Let o(z) = 4*z + 72. Let q be o(-23). What is the tens digit of (-152 - 1)/(q/16 - -1)?
1
Let m = 13742 - 5815. What is the hundreds digit of m?
9
Suppose 4*j - 6*j + 10 = -4*a, 0 = 4*a + 2*j + 6. Let u be (a/(-8) - 1) + (-10210)/40. Let y = u + 359. What i